{"id":640,"date":"2015-06-12T01:39:34","date_gmt":"2015-06-11T23:39:34","guid":{"rendered":"http:\/\/andremoch.de\/?page_id=640"},"modified":"2018-04-06T16:41:49","modified_gmt":"2018-04-06T14:41:49","slug":"kontakt-impressum-agb","status":"publish","type":"page","link":"https:\/\/andremoch.de\/?page_id=640","title":{"rendered":"Kontakt, Impressum, Disclaimer und AGB."},"content":{"rendered":"<h3>Kontakt, Impressum, Disclaimer und AGB.<\/h3>\n<p>&nbsp;<\/p>\n<p><strong><span style=\"text-decoration: underline;\">Angaben gem\u00e4\u00df \u00a7 5 TMG<\/span><\/strong><\/p>\n<p>Andr\u00e9 Moch<br \/>\nTextb\u00fcro Andr\u00e9 Moch<br \/>\nKollenrodtstra\u00dfe 52<br \/>\n30163 Hannover-List<\/p>\n<p>Telefon: 0177 576 1336<br \/>\nE-Mail: mail@andremoch.de<\/p>\n<p>Steuernummer 24\/130\/20696<\/p>\n<p><a href=\"https:\/\/www.xing.com\/profile\/Andre_Moch\" target=\"_blank\" rel=\"me\"><img loading=\"lazy\" decoding=\"async\" class=\"alignnone\" src=\"https:\/\/www.xing.com\/img\/buttons\/10_en_btn.gif\" alt=\"Andr\u00e9 Moch\" width=\"85\" height=\"23\" \/><\/a><\/p>\n<h2><\/h2>\n<p><span style=\"text-decoration: underline;\"><strong>Umsatzsteuer<\/strong><\/span><\/p>\n<p>Umsatzsteuer-Identifikationsnummer gem\u00e4\u00df \u00a727 a Umsatzsteuergesetz: DE284098625<\/p>\n<p>&nbsp;<\/p>\n<p><span style=\"text-decoration: underline;\"><strong>Angaben zur Berufshaftpflichtversicherung<\/strong><\/span><\/p>\n<p>Name und Sitz des Versicherers:<\/p>\n<p>exali GmbH<br \/>\nFranz-Kobinger-Str. 9<br \/>\n86157 Augsburg<\/p>\n<p>Markel International Insurance Company Ltd.<br \/>\nNiederlassung f\u00fcr Deutschland<br \/>\nSophienstr. 26<br \/>\n80333 M\u00fcnchen<\/p>\n<p>Geltungsraum der Versicherung: weltweit<\/p>\n<p>&nbsp;<\/p>\n<p><span style=\"text-decoration: underline;\"><strong>Verantwortlich f\u00fcr den Inhalt <\/strong><\/span><span style=\"text-decoration: underline;\"><strong>nach \u00a7 55 Abs. 2 RStV<\/strong><\/span><\/p>\n<p>Andr\u00e9 Moch<br \/>\nKollenrodtstra\u00dfe 52<br \/>\n30163 Hannover-List<\/p>\n<p>&nbsp;<\/p>\n<p><span style=\"text-decoration: underline;\"><strong>Streitschlichtung<\/strong><\/span><\/p>\n<p>Wir sind nicht bereit oder verpflichtet, an Streitbeilegungsverfahren vor einer Verbraucherschlichtungsstelle teilzunehmen.<\/p>\n<p>&nbsp;<\/p>\n<p><span style=\"text-decoration: underline;\"><strong>Haftung f\u00fcr Inhalte<\/strong><\/span><\/p>\n<p>Als Diensteanbieter sind wir gem\u00e4\u00df \u00a7 7 Abs.1 TMG f\u00fcr eigene Inhalte auf diesen Seiten nach den allgemeinen Gesetzen verantwortlich. Nach \u00a7\u00a7 8 bis 10 TMG sind wir als Diensteanbieter jedoch nicht verpflichtet, \u00fcbermittelte oder gespeicherte fremde Informationen zu \u00fcberwachen oder nach Umst\u00e4nden zu forschen, die auf eine rechtswidrige T\u00e4tigkeit hinweisen.<\/p>\n<p>Verpflichtungen zur Entfernung oder Sperrung der Nutzung von Informationen nach den allgemeinen Gesetzen bleiben hiervon unber\u00fchrt. Eine diesbez\u00fcgliche Haftung ist jedoch erst ab dem Zeitpunkt der Kenntnis einer konkreten Rechtsverletzung m\u00f6glich. Bei Bekanntwerden von entsprechenden Rechtsverletzungen werden wir diese Inhalte umgehend entfernen.<\/p>\n<p>&nbsp;<\/p>\n<p><span style=\"text-decoration: underline;\"><strong>Haftung f\u00fcr Links<\/strong><\/span><\/p>\n<p>Unser Angebot enth\u00e4lt Links zu externen Websites Dritter, auf deren Inhalte wir keinen Einfluss haben. Deshalb k\u00f6nnen wir f\u00fcr diese fremden Inhalte auch keine Gew\u00e4hr \u00fcbernehmen. F\u00fcr die Inhalte der verlinkten Seiten ist stets der jeweilige Anbieter oder Betreiber der Seiten verantwortlich. Die verlinkten Seiten wurden zum Zeitpunkt der Verlinkung auf m\u00f6gliche Rechtsverst\u00f6\u00dfe \u00fcberpr\u00fcft. Rechtswidrige Inhalte waren zum Zeitpunkt der Verlinkung nicht erkennbar.<\/p>\n<p>Eine permanente inhaltliche Kontrolle der verlinkten Seiten ist jedoch ohne konkrete Anhaltspunkte einer Rechtsverletzung nicht zumutbar. Bei Bekanntwerden von Rechtsverletzungen werden wir derartige Links umgehend entfernen.<\/p>\n<p>&nbsp;<\/p>\n<p><span style=\"text-decoration: underline;\"><strong>Urheberrecht<\/strong><\/span><\/p>\n<p>Die durch die Seitenbetreiber erstellten Inhalte und Werke auf diesen Seiten unterliegen dem deutschen Urheberrecht. Die Vervielf\u00e4ltigung, Bearbeitung, Verbreitung und jede Art der Verwertung au\u00dferhalb der Grenzen des Urheberrechtes bed\u00fcrfen der schriftlichen Zustimmung des jeweiligen Autors bzw. Erstellers. Downloads und Kopien dieser Seite sind nur f\u00fcr den privaten, nicht kommerziellen Gebrauch gestattet.<\/p>\n<p>Soweit die Inhalte auf dieser Seite nicht vom Betreiber erstellt wurden, werden die Urheberrechte Dritter beachtet. Insbesondere werden Inhalte Dritter als solche gekennzeichnet. Sollten Sie trotzdem auf eine Urheberrechtsverletzung aufmerksam werden, bitten wir um einen entsprechenden Hinweis. Bei Bekanntwerden von Rechtsverletzungen werden wir derartige Inhalte umgehend entfernen.<\/p>\n<p><span style=\"color: #ffffff;\"><strong>\u00a0<\/strong><\/span><\/p>\n<p><span style=\"text-decoration: underline;\"><strong>Quellenangaben f\u00fcr die verwendeten Bilder und Grafiken<br \/>\n<\/strong><\/span><\/p>\n<p>Nicola Rehage<br \/>\nAndr\u00e9 Moch<\/p>\n<p>&nbsp;<\/p>\n<p>&nbsp;<\/p>\n<p><a href=\"https:\/\/andremoch.de\/wp-content\/uploads\/2015\/06\/erecht24-siegel-impressum-blau.png\"><img loading=\"lazy\" decoding=\"async\" class=\"alignnone size-full wp-image-1241\" src=\"https:\/\/andremoch.de\/wp-content\/uploads\/2015\/06\/erecht24-siegel-impressum-blau.png\" alt=\"erecht24-siegel-impressum-blau\" width=\"120\" height=\"156\" \/><\/a> <a href=\"https:\/\/andremoch.de\/wp-content\/uploads\/2015\/06\/erecht24-siegel-disclaimer-blau.png\"><img loading=\"lazy\" decoding=\"async\" class=\"alignnone size-full wp-image-1239\" src=\"https:\/\/andremoch.de\/wp-content\/uploads\/2015\/06\/erecht24-siegel-disclaimer-blau.png\" alt=\"erecht24-siegel-disclaimer-blau\" width=\"120\" height=\"156\" \/><\/a><\/p>\n<p>&nbsp;<\/p>\n<p>___________________________________________________________<\/p>\n<p>&nbsp;<\/p>\n<h3>ALLGEMEINE GESCH\u00c4FTSBEDINGUNGEN<\/h3>\n<p><strong><span style=\"text-decoration: underline;\">1. URHEBERRECHT UND NUTZUNGSRECHTE<\/span><\/strong><\/p>\n<p>1.1 Alle Texte und Konzepte des Texters unterliegen dem<br \/>\nUrheberrechtsgesetz. Die Bestimmungen des Urheberrechtsgesetzes<br \/>\ngelten auch dann, wenn die nach \u00a7 2 UrhG erforderliche Sch\u00f6pfungsh\u00f6he<br \/>\nnicht erreicht ist.<\/p>\n<p>1.2 Der Texter \u00fcbertr\u00e4gt dem Auftraggeber die f\u00fcr den jeweiligen Zweck<br \/>\nerforderlichen Nutzungsrechte. Soweit nichts anderes vereinbart ist, wird nur<br \/>\ndas einfache Nutzungsrecht \u00fcbertragen. Eine Weitergabe der Nutzungsrechte<br \/>\nan Dritte bedarf der schriftlichen Vereinbarung. Die Nutzungsrechte gehen<br \/>\nerst nach vollst\u00e4ndiger Bezahlung der Verg\u00fctung \u00fcber.<\/p>\n<p>1.3 Vorschl\u00e4ge des Auftraggebers oder seine sonstige Mitarbeit haben<br \/>\nkeinen Einfluss auf die H\u00f6he der Verg\u00fctung.<\/p>\n<p><span style=\"text-decoration: underline;\"><strong>2. VERG\u00dcTUNG<\/strong><\/span><\/p>\n<p>2.1 Die Anfertigung von Texten und Konzepten und s\u00e4mtliche sonstigen<br \/>\nT\u00e4tigkeiten, die der Texter f\u00fcr den Auftraggeber erbringt, sind kostenpflichtig,<br \/>\nsofern nicht ausdr\u00fccklich etwas anderes vereinbart ist.<\/p>\n<p>2.2 Die Verg\u00fctung erfolgt auf der Grundlage der Honorartabelle des<br \/>\nFachverbandes Freier Werbetexter, sofern keine anderen Vereinbarungen<br \/>\ngetroffen wurden. Die Verg\u00fctungen sind Nettobetr\u00e4ge, die zuz\u00fcglich<br \/>\nder gesetzlichen Mehrwertssteuer zu zahlen sind. Sofern nichts anderes<br \/>\nvereinbart wurde, ist mit der Verg\u00fctung auch die Einr\u00e4umung der einfachen<br \/>\nNutzungsrechte<br \/>\n(Ziff. 1.2) abgegolten.<\/p>\n<p>2.3 Werden die Texte und Konzepte in gr\u00f6\u00dferem Umfang oder anderem<br \/>\nZusammenhang als urspr\u00fcnglich vorgesehen genutzt, zum Beispiel als<br \/>\nslogans oder claims, so ist der Texter berechtigt, die Differenz zwischen<br \/>\nder h\u00f6heren Verg\u00fctung f\u00fcr die Nutzung und der urspr\u00fcnglich gezahlten zu<br \/>\nverlangen. Ein weitergehender Schadensersatzanspruch des Texters<br \/>\nbleibt davon unber\u00fchrt.<\/p>\n<p><span style=\"text-decoration: underline;\"><strong>3. F\u00c4LLIGKEIT DER VERG\u00dcTUNG<\/strong><\/span><\/p>\n<p>3.1 Die Verg\u00fctung ist bei Ablieferung des Werkes f\u00e4llig. Sie ist ohne Abzug<br \/>\nzahlbar. Werden die bestellten Arbeiten in Teilen abgenommen, so ist bei<br \/>\nAbnahme der ersten Teillieferung eine Teilverg\u00fctung in H\u00f6he von 50 Prozent<br \/>\nder Gesamtverg\u00fctung zu zahlen. Der Texter ist berechtigt, bis zu 30 Prozent<br \/>\nder Gesamtverg\u00fctung als Vorschuss bei Auftragserteilung zu verlangen.<\/p>\n<p><span style=\"text-decoration: underline;\"><strong>4. SONDERLEISTUNGEN, NEBEN- UND REISEKOSTEN<\/strong><\/span><\/p>\n<p>4.1 Sonderleistungen wie die Umarbeitung oder \u00c4nderung von Entw\u00fcrfen,<br \/>\nTexten und Slogans werden nach Zeitaufwand zu meinem Stundensatz<br \/>\ngesondert berechnet.<\/p>\n<p>4.2 Der Texter ist berechtigt, die zur Auftragserf\u00fcllung notwendigen<br \/>\nFremdleistungen im Namen und f\u00fcr Rechnung des Auftraggebers zu bestellen.<br \/>\nDer Auftraggeber verpflichtet sich, dem Texter entsprechende Vollmacht<br \/>\nzu erteilen.<\/p>\n<p>4.3 Soweit im Einzelfall Vertr\u00e4ge \u00fcber Fremdleistungen im Namen und<br \/>\nf\u00fcr Rechnung des Texters abgeschlossen werden, verpflichtet sich der<br \/>\nAuftraggeber, den Texter im Innenverh\u00e4ltnis von s\u00e4mtlichen Verbindlichkeiten<br \/>\nfreizustellen, die sich aus dem Vertragsabschlu\u00df ergeben. Dazu geh\u00f6rt<br \/>\ninsbesondere die \u00dcbernahme der Kosten.<\/p>\n<p>4.4 Kosten und Spesen f\u00fcr Reisen, die im Zusammenhang mit dem Auftrag<br \/>\nzu unternehmen und mit dem Auftraggeber abgesprochen sind, sind vom<br \/>\nAuftraggeber zu erstatten.<\/p>\n<p><span style=\"text-decoration: underline;\"><strong>5. Eigentumsvorbehalt<\/strong><\/span><\/p>\n<p>5.1 An Entw\u00fcrfen und Texten werden nur Nutzungsrechte einger\u00e4umt, nicht<br \/>\njedoch Eigentumsrechte \u00fcbertragen.<\/p>\n<p>5.2 Die Versendung der Arbeiten erfolgt auf Gefahr und f\u00fcr Rechnung des<br \/>\nAuftraggebers.<\/p>\n<p><span style=\"text-decoration: underline;\"><strong>6. KORREKTUR, PRODUKTIONS\u00dcBERWACHUNG UND BELEGMUSTER<\/strong><\/span><\/p>\n<p>6.1 Vor Ausf\u00fchrung der Vervielf\u00e4ltigung sind dem Texter Korrekturmuster<br \/>\nvorzulegen.<\/p>\n<p>6.2 Die Produktions\u00fcberwachung durch den Texter erfolgt nur aufgrund<br \/>\nbesonderer Vereinbarung.<\/p>\n<p>6.3 Von allen vervielf\u00e4ltigten Arbeiten \u00fcberl\u00e4sst der Auftraggeber dem Texter<br \/>\nmindestens 5 einwandfreie Belege unentgeltlich. Der Texter ist berechtigt,<br \/>\ndiese Muster zum Zwecke der Eigenwerbung (auch als Referenz auf der<br \/>\neigenen Website) zu verwenden.<\/p>\n<p><span style=\"text-decoration: underline;\"><strong>7. HAFTUNG UND ABNAHME<\/strong><\/span><\/p>\n<p>7.1 Der Texter haftet f\u00fcr entstandene Sch\u00e4den an ihm \u00fcberlassenen Vorlagen,<br \/>\nFilmen, Displays, Layouts etc. nur bei Vorsatz und grober Fahrl\u00e4ssigkeit.<\/p>\n<p>7.2 Sofern der Texter notwendige Fremdleistungen in Auftrag gibt, sind die<br \/>\njeweiligen Auftragnehmer keine Erf\u00fcllungsgehilfen des Texters. Der Texter<br \/>\nhaftet nur f\u00fcr eigenes Verschulden und nur f\u00fcr Vorsatz und grobe Fahrl\u00e4ssigkeit.<\/p>\n<p>7.3 Der Texter l\u00e4sst vor der Ver\u00f6ffentlichung die Texte vom Auftraggeber<br \/>\nauf sachliche und formale Richtigkeit \u00fcberpr\u00fcfen und genehmigen. Mit der<br \/>\nGenehmigung geht die Haftung f\u00fcr die sachliche und formale Richtigkeit der<br \/>\nTexte auf den Auftraggeber \u00fcber.<\/p>\n<p>7.4 Der Texter \u00fcbernimmt keine rechtliche Pr\u00fcfung der Texte. Er haftet nicht<br \/>\nf\u00fcr die rechtliche Zul\u00e4ssigkeit und die markenrechtliche Eintragungsf\u00e4higkeit<br \/>\nseiner Arbeiten.<\/p>\n<p>7.5 Beanstandungen offensichtlicher M\u00e4ngel sind innerhalb von 7 Tagen nach<br \/>\nAblieferung des Werks schriftlich beim Texter geltend zu machen und ihm eine<br \/>\nangemessene Frist zur Nachbesserung einzur\u00e4umen. Alle anderen M\u00e4ngel<br \/>\nverj\u00e4hren in einem Jahr nach dem gesetzlichen Verj\u00e4hrungsbeginn.<\/p>\n<p>7.6 Abgelieferte Arbeiten und Leistungen sowie s\u00e4mtliche sonstige T\u00e4tigkeiten<br \/>\ngelten als abgenommen, wenn der Auftraggeber sie in irgendeiner Weise<br \/>\nverwendet, die Rechnung bezahlt oder die Abnahme erkl\u00e4rt. Erfolgt keine<br \/>\nAbnahme, so gelten die abgelieferten Arbeiten und Leistungen nach einer Frist<br \/>\nvon 14 Tagen als freigegeben.<\/p>\n<p>7.7 Unwesentliche Abweichungen berechtigen nicht zur Verweigerung der<br \/>\nAbnahme, ebenso wenig neue konzeptionelle oder inhaltliche \u00dcberlegungen<br \/>\nauf Auftraggeberseite nach Auftragserteilung.<\/p>\n<p><span style=\"text-decoration: underline;\"><strong>8. GESTALTUNGSFREIHEIT UND VORLAGEN<\/strong><\/span><\/p>\n<p>8.1 Im Rahmen des Auftrags besteht Gestaltungsfreiheit. Reklamationen<br \/>\nhinsichtlich der k\u00fcnstlerischen Gestaltung sind ausgeschlossen. W\u00fcnscht der<br \/>\nAuftraggeber nach der Freigabe von Konzeption und Text \u00c4nderungen, so hat<br \/>\ner die Mehrkosten zu tragen. Der Texter beh\u00e4lt den Verg\u00fctungsanspruch f\u00fcr<br \/>\nbereits begonnene Arbeiten.<\/p>\n<p>8.2 Verz\u00f6gert sich die Durchf\u00fchrung des Auftrags aus Gr\u00fcnden, die der<br \/>\nAuftraggeber zu vertreten hat, so kann der Texter eine angemessene<br \/>\nErh\u00f6hung der Verg\u00fctung verlangen. Bei Vorsatz oder grober Fahrl\u00e4ssigkeit<br \/>\nkann er auch Schadenersatzanspr\u00fcche geltend machen. Die Geltendmachung<br \/>\neines weitergehenden Verzugsschadens bleibt davon unber\u00fchrt.<\/p>\n<p>8.3 Der Auftraggeber versichert, dass er zur Verwendung aller dem Texter<br \/>\n\u00fcbergebenen Vorlagen berechtigt ist, insbesondere die erforderlichen<br \/>\nurheberrechtlichen Nutzungsrechte hat. Sollte er entgegen dieser Versicherung<br \/>\nnicht zur Verwendung berechtigt sein, stellt der Auftraggeber den Texter von<br \/>\nallen Ersatzanspr\u00fcchen Dritter frei.<\/p>\n<p><span style=\"text-decoration: underline;\"><strong>9. SCHLUSSBESTIMMUNGEN<\/strong><\/span><\/p>\n<p>9.1 Erf\u00fcllungsort ist der Sitz des Texters.<\/p>\n<p>9.2 Die Unwirksamkeit einer der vorstehenden Bedingungen ber\u00fchrt die Geltung<br \/>\nder \u00fcbrigen Bestimmungen nicht.<\/p>\n<p>9.3 Es gilt das Recht der Bundesrepublik Deutschland.<\/p>\n<p>Hannover, 01. M\u00e4rz 2012<\/p>\n","protected":false},"excerpt":{"rendered":"<p>Kontakt, Impressum, Disclaimer und AGB. &nbsp; Angaben gem\u00e4\u00df \u00a7 5 TMG Andr\u00e9 Moch Textb\u00fcro Andr\u00e9 Moch Kollenrodtstra\u00dfe 52 30163 Hannover-List Telefon: 0177 576 1336 E-Mail: mail@andremoch.de Steuernummer 24\/130\/20696 Umsatzsteuer Umsatzsteuer-Identifikationsnummer gem\u00e4\u00df \u00a727 a Umsatzsteuergesetz: DE284098625 &nbsp; Angaben zur Berufshaftpflichtversicherung Name und Sitz des Versicherers: exali GmbH Franz-Kobinger-Str. 9 86157 Augsburg Markel International Insurance Company Ltd. [&hellip;]<\/p>\n","protected":false},"author":1,"featured_media":0,"parent":65,"menu_order":0,"comment_status":"open","ping_status":"closed","template":"","meta":{"footnotes":""},"_links":{"self":[{"href":"https:\/\/andremoch.de\/index.php?rest_route=\/wp\/v2\/pages\/640"}],"collection":[{"href":"https:\/\/andremoch.de\/index.php?rest_route=\/wp\/v2\/pages"}],"about":[{"href":"https:\/\/andremoch.de\/index.php?rest_route=\/wp\/v2\/types\/page"}],"author":[{"embeddable":true,"href":"https:\/\/andremoch.de\/index.php?rest_route=\/wp\/v2\/users\/1"}],"replies":[{"embeddable":true,"href":"https:\/\/andremoch.de\/index.php?rest_route=%2Fwp%2Fv2%2Fcomments&post=640"}],"version-history":[{"count":19,"href":"https:\/\/andremoch.de\/index.php?rest_route=\/wp\/v2\/pages\/640\/revisions"}],"predecessor-version":[{"id":1251,"href":"https:\/\/andremoch.de\/index.php?rest_route=\/wp\/v2\/pages\/640\/revisions\/1251"}],"up":[{"embeddable":true,"href":"https:\/\/andremoch.de\/index.php?rest_route=\/wp\/v2\/pages\/65"}],"wp:attachment":[{"href":"https:\/\/andremoch.de\/index.php?rest_route=%2Fwp%2Fv2%2Fmedia&parent=640"}],"curies":[{"name":"wp","href":"https:\/\/api.w.org\/{rel}","templated":true}]}}